{"id":60,"date":"2025-12-23T20:42:58","date_gmt":"2025-12-23T20:42:58","guid":{"rendered":"https:\/\/polsifconseil.com\/?page_id=60"},"modified":"2026-04-23T11:07:46","modified_gmt":"2026-04-23T11:07:46","slug":"artesian-services","status":"publish","type":"page","link":"https:\/\/polsifconseil.com\/?page_id=60","title":{"rendered":"Artesian Services"},"content":{"rendered":"\t\t<div data-elementor-type=\"wp-page\" data-elementor-id=\"60\" class=\"elementor elementor-60\">\n\t\t\t\t\t\t<section class=\"elementor-section elementor-top-section elementor-element elementor-element-03a311d elementor-section-height-min-height elementor-section-boxed elementor-section-height-default elementor-section-items-middle exad-glass-effect-no wpr-particle-no wpr-jarallax-no wpr-parallax-no wpr-sticky-section-no exad-sticky-section-no\" data-id=\"03a311d\" data-element_type=\"section\" data-settings=\"{&quot;background_background&quot;:&quot;classic&quot;}\">\n\t\t\t\t\t\t\t<div class=\"elementor-background-overlay\"><\/div>\n\t\t\t\t\t\t\t<div class=\"elementor-container elementor-column-gap-default\">\n\t\t\t\t\t<div class=\"elementor-column elementor-col-100 elementor-top-column elementor-element elementor-element-4611e01 exad-glass-effect-no exad-sticky-section-no\" data-id=\"4611e01\" data-element_type=\"column\">\n\t\t\t<div class=\"elementor-widget-wrap elementor-element-populated\">\n\t\t\t\t\t\t<section class=\"elementor-section elementor-inner-section elementor-element elementor-element-0bc9657 elementor-section-boxed elementor-section-height-default elementor-section-height-default exad-glass-effect-no wpr-particle-no wpr-jarallax-no wpr-parallax-no wpr-sticky-section-no exad-sticky-section-no\" data-id=\"0bc9657\" data-element_type=\"section\">\n\t\t\t\t\t\t<div class=\"elementor-container elementor-column-gap-default\">\n\t\t\t\t\t<div class=\"elementor-column elementor-col-100 elementor-inner-column elementor-element elementor-element-e6c5f91 exad-glass-effect-no exad-sticky-section-no\" data-id=\"e6c5f91\" data-element_type=\"column\">\n\t\t\t<div class=\"elementor-widget-wrap elementor-element-populated\">\n\t\t\t\t\t\t<div class=\"elementor-element elementor-element-d97815c elementor-widget-tablet__width-inherit exad-sticky-section-no exad-glass-effect-no elementor-invisible elementor-widget elementor-widget-heading\" data-id=\"d97815c\" data-element_type=\"widget\" data-settings=\"{&quot;_animation&quot;:&quot;fadeInUp&quot;,&quot;_animation_delay&quot;:1000}\" data-widget_type=\"heading.default\">\n\t\t\t\t\t<h1 class=\"elementor-heading-title elementor-size-default\">Nos Services<\/h1>\t\t\t\t<\/div>\n\t\t\t\t<div class=\"elementor-element elementor-element-a93cef2 elementor-widget__width-initial elementor-widget-tablet__width-inherit exad-sticky-section-no exad-glass-effect-no elementor-invisible elementor-widget elementor-widget-text-editor\" data-id=\"a93cef2\" data-element_type=\"widget\" data-settings=\"{&quot;_animation&quot;:&quot;fadeInUp&quot;,&quot;_animation_delay&quot;:1500}\" data-widget_type=\"text-editor.default\">\n\t\t\t\t\t\t\t\t\t<p>Des solutions claires pour des entreprises performantes<\/p>\t\t\t\t\t\t\t\t<\/div>\n\t\t\t\t\t<\/div>\n\t\t<\/div>\n\t\t\t\t\t<\/div>\n\t\t<\/section>\n\t\t\t\t\t<\/div>\n\t\t<\/div>\n\t\t\t\t\t<\/div>\n\t\t<\/section>\n\t\t\t\t<section class=\"elementor-section elementor-top-section elementor-element elementor-element-a102b61 elementor-section-full_width elementor-section-height-default elementor-section-height-default exad-glass-effect-no wpr-particle-no wpr-jarallax-no wpr-parallax-no wpr-sticky-section-no exad-sticky-section-no\" data-id=\"a102b61\" data-element_type=\"section\" data-settings=\"{&quot;background_background&quot;:&quot;classic&quot;}\">\n\t\t\t\t\t\t<div class=\"elementor-container elementor-column-gap-default\">\n\t\t\t\t\t<div class=\"elementor-column elementor-col-100 elementor-top-column elementor-element elementor-element-a58fbd7 exad-glass-effect-no exad-sticky-section-no\" data-id=\"a58fbd7\" data-element_type=\"column\">\n\t\t\t<div class=\"elementor-widget-wrap elementor-element-populated\">\n\t\t\t\t\t\t<section class=\"elementor-section elementor-inner-section elementor-element elementor-element-60bf78d elementor-section-full_width elementor-section-height-default elementor-section-height-default exad-glass-effect-no wpr-particle-no wpr-jarallax-no wpr-parallax-no wpr-sticky-section-no exad-sticky-section-no\" data-id=\"60bf78d\" data-element_type=\"section\">\n\t\t\t\t\t\t<div class=\"elementor-container elementor-column-gap-default\">\n\t\t\t\t\t<div class=\"elementor-column elementor-col-33 elementor-inner-column elementor-element elementor-element-70f5a34 exad-glass-effect-no exad-sticky-section-no\" data-id=\"70f5a34\" data-element_type=\"column\">\n\t\t\t<div class=\"elementor-widget-wrap elementor-element-populated\">\n\t\t\t\t\t\t<div class=\"elementor-element elementor-element-189d281 eael-infobox-content-align--center eael-infobox-shape-square eael-infobox-hover-img-shape-square exad-sticky-section-no exad-glass-effect-no elementor-invisible elementor-widget elementor-widget-eael-info-box\" data-id=\"189d281\" data-element_type=\"widget\" data-settings=\"{&quot;_animation&quot;:&quot;fadeInLeft&quot;}\" data-widget_type=\"eael-info-box.default\">\n\t\t\t\t\t        <div class=\"eael-infobox icon-on-top\">\n\t            <div class=\"infobox-icon\">\n\n                            <img decoding=\"async\" src=\"https:\/\/polsifconseil.com\/wp-content\/uploads\/2025\/12\/Untitled-design-2025-12-25T164817.270.png\" alt=\"\">\n            \n            \n            \n        <\/div>\n            <div class=\"infobox-content\">\n                    <div class=\"infobox-title-section\">\n                <h2 class=\"title\">Cr\u00e9ation d\u2019entreprise<\/h2>            <\/div>\n            <div><p>Choix de la forme juridique<\/p><p>R\u00e9daction des statuts personnalis\u00e9s<\/p><p>D\u00e9claration du capital et proc\u00e9dures<\/p><p>Obtention du registre de commerce<\/p><p>ET PLUS&#8230;<\/p><\/div>        <div class=\"infobox-button\">\n            <a class=\"eael-infobox-button\" href=\"https:\/\/wa.me\/212699400060\">\n                                                <span class=\"infobox-button-text\">Demandez un devis<\/span>\n                                                            <svg aria-hidden=\"true\" class=\"eael_infobox_button_icon_right e-font-icon-svg e-fas-long-arrow-alt-right\" viewBox=\"0 0 448 512\" xmlns=\"http:\/\/www.w3.org\/2000\/svg\"><path d=\"M313.941 216H12c-6.627 0-12 5.373-12 12v56c0 6.627 5.373 12 12 12h301.941v46.059c0 21.382 25.851 32.09 40.971 16.971l86.059-86.059c9.373-9.373 9.373-24.569 0-33.941l-86.059-86.059c-15.119-15.119-40.971-4.411-40.971 16.971V216z\"><\/path><\/svg>                                                <\/a>\n        <\/div>\n            <\/div>\n            <\/div>\n\n\t\t\t\t\t\t<\/div>\n\t\t\t\t\t<\/div>\n\t\t<\/div>\n\t\t\t\t<div class=\"elementor-column elementor-col-33 elementor-inner-column elementor-element elementor-element-ffa7452 exad-glass-effect-no exad-sticky-section-no\" data-id=\"ffa7452\" data-element_type=\"column\">\n\t\t\t<div class=\"elementor-widget-wrap elementor-element-populated\">\n\t\t\t\t\t\t<div class=\"elementor-element elementor-element-9c3850f eael-infobox-content-align--center eael-infobox-shape-square eael-infobox-hover-img-shape-square exad-sticky-section-no exad-glass-effect-no elementor-invisible elementor-widget elementor-widget-eael-info-box\" data-id=\"9c3850f\" data-element_type=\"widget\" data-settings=\"{&quot;_animation&quot;:&quot;fadeInLeft&quot;}\" data-widget_type=\"eael-info-box.default\">\n\t\t\t\t\t        <div class=\"eael-infobox icon-on-top\">\n\t            <div class=\"infobox-icon\">\n\n                            <img decoding=\"async\" src=\"https:\/\/polsifconseil.com\/wp-content\/uploads\/2025\/12\/Untitled-design-2025-12-25T164922.316.png\" alt=\"\">\n            \n            \n            \n        <\/div>\n            <div class=\"infobox-content\">\n                    <div class=\"infobox-title-section\">\n                <h2 class=\"title\">Domiciliation<\/h2>            <\/div>\n            <div><p>Adresse commerciale prestigieuse<\/p><p>R\u00e9ception et r\u00e9exp\u00e9dition du courrier<\/p><p>Acc\u00e8s aux salles de r\u00e9union<\/p><p>Services de secr\u00e9tariat \u00e0 la demande<\/p><p>ET PLUS&#8230;<\/p><\/div>        <div class=\"infobox-button\">\n            <a class=\"eael-infobox-button\" href=\"https:\/\/wa.me\/212699400060\">\n                                                <span class=\"infobox-button-text\">Demandez un devis<\/span>\n                                                            <svg aria-hidden=\"true\" class=\"eael_infobox_button_icon_right e-font-icon-svg e-fas-long-arrow-alt-right\" viewBox=\"0 0 448 512\" xmlns=\"http:\/\/www.w3.org\/2000\/svg\"><path d=\"M313.941 216H12c-6.627 0-12 5.373-12 12v56c0 6.627 5.373 12 12 12h301.941v46.059c0 21.382 25.851 32.09 40.971 16.971l86.059-86.059c9.373-9.373 9.373-24.569 0-33.941l-86.059-86.059c-15.119-15.119-40.971-4.411-40.971 16.971V216z\"><\/path><\/svg>                                                <\/a>\n        <\/div>\n            <\/div>\n            <\/div>\n\n\t\t\t\t\t\t<\/div>\n\t\t\t\t\t<\/div>\n\t\t<\/div>\n\t\t\t\t<div class=\"elementor-column elementor-col-33 elementor-inner-column elementor-element elementor-element-0791640 exad-glass-effect-no exad-sticky-section-no\" data-id=\"0791640\" data-element_type=\"column\">\n\t\t\t<div class=\"elementor-widget-wrap elementor-element-populated\">\n\t\t\t\t\t\t<div class=\"elementor-element elementor-element-6ea23ab eael-infobox-content-align--center eael-infobox-shape-square eael-infobox-hover-img-shape-square exad-sticky-section-no exad-glass-effect-no elementor-invisible elementor-widget elementor-widget-eael-info-box\" data-id=\"6ea23ab\" data-element_type=\"widget\" data-settings=\"{&quot;_animation&quot;:&quot;fadeInLeft&quot;}\" data-widget_type=\"eael-info-box.default\">\n\t\t\t\t\t        <div class=\"eael-infobox icon-on-top\">\n\t            <div class=\"infobox-icon\">\n\n                            <img decoding=\"async\" src=\"https:\/\/polsifconseil.com\/wp-content\/uploads\/2025\/12\/Untitled-design-2025-12-25T165304.390.png\" alt=\"\">\n            \n            \n            \n        <\/div>\n            <div class=\"infobox-content\">\n                    <div class=\"infobox-title-section\">\n                <h2 class=\"title\">Tenue de la comptabilit\u00e9<\/h2>            <\/div>\n            <div><p data-start=\"442\" data-end=\"487\">Organisation et tenue des livres comptables<\/p><p data-start=\"490\" data-end=\"554\">\u00c9tablissement des \u00e9tats financiers (bilan, compte de r\u00e9sultat)<\/p><p data-start=\"490\" data-end=\"554\">D\u00e9clarations fiscales p\u00e9riodiques (TVA, IS, IR)<\/p><p data-start=\"490\" data-end=\"554\">Suivi des charges et des recettes<\/p><p data-start=\"490\" data-end=\"554\">ET PLUS&#8230;<\/p><\/div>        <div class=\"infobox-button\">\n            <a class=\"eael-infobox-button\" href=\"https:\/\/wa.me\/212699400060\">\n                                                <span class=\"infobox-button-text\">Demandez un devis<\/span>\n                                                            <svg aria-hidden=\"true\" class=\"eael_infobox_button_icon_right e-font-icon-svg e-fas-long-arrow-alt-right\" viewBox=\"0 0 448 512\" xmlns=\"http:\/\/www.w3.org\/2000\/svg\"><path d=\"M313.941 216H12c-6.627 0-12 5.373-12 12v56c0 6.627 5.373 12 12 12h301.941v46.059c0 21.382 25.851 32.09 40.971 16.971l86.059-86.059c9.373-9.373 9.373-24.569 0-33.941l-86.059-86.059c-15.119-15.119-40.971-4.411-40.971 16.971V216z\"><\/path><\/svg>                                                <\/a>\n        <\/div>\n            <\/div>\n            <\/div>\n\n\t\t\t\t\t\t<\/div>\n\t\t\t\t\t<\/div>\n\t\t<\/div>\n\t\t\t\t\t<\/div>\n\t\t<\/section>\n\t\t\t\t<section class=\"elementor-section elementor-inner-section elementor-element elementor-element-d5a9d1b elementor-section-full_width elementor-section-height-default elementor-section-height-default exad-glass-effect-no wpr-particle-no wpr-jarallax-no wpr-parallax-no wpr-sticky-section-no exad-sticky-section-no\" data-id=\"d5a9d1b\" data-element_type=\"section\">\n\t\t\t\t\t\t<div class=\"elementor-container elementor-column-gap-default\">\n\t\t\t\t\t<div class=\"elementor-column elementor-col-33 elementor-inner-column elementor-element elementor-element-adfc326 exad-glass-effect-no exad-sticky-section-no\" data-id=\"adfc326\" data-element_type=\"column\">\n\t\t\t<div class=\"elementor-widget-wrap elementor-element-populated\">\n\t\t\t\t\t\t<div class=\"elementor-element elementor-element-948e41d eael-infobox-content-align--center eael-infobox-shape-square eael-infobox-hover-img-shape-square exad-sticky-section-no exad-glass-effect-no elementor-invisible elementor-widget elementor-widget-eael-info-box\" data-id=\"948e41d\" data-element_type=\"widget\" data-settings=\"{&quot;_animation&quot;:&quot;fadeInLeft&quot;}\" data-widget_type=\"eael-info-box.default\">\n\t\t\t\t\t        <div class=\"eael-infobox icon-on-top\">\n\t            <div class=\"infobox-icon\">\n\n                            <img decoding=\"async\" src=\"https:\/\/polsifconseil.com\/wp-content\/uploads\/2025\/12\/Untitled-design-2025-12-25T165746.251.png\" alt=\"\">\n            \n            \n            \n        <\/div>\n            <div class=\"infobox-content\">\n                    <div class=\"infobox-title-section\">\n                <h2 class=\"title\">Conseil fiscal et juridique<\/h2>            <\/div>\n            <div><p data-start=\"507\" data-end=\"570\">Choix de la forme juridique adapt\u00e9e (SARL, SARL AU, SA, etc.)<\/p><p data-start=\"650\" data-end=\"683\">Conseil et optimisation fiscale<\/p><p data-start=\"686\" data-end=\"732\">D\u00e9clarations fiscales et obligations l\u00e9gales<\/p><p data-start=\"866\" data-end=\"900\">Accompagnement juridique continu<\/p><p data-start=\"866\" data-end=\"900\">ET PLUS&#8230;<\/p><\/div>        <div class=\"infobox-button\">\n            <a class=\"eael-infobox-button\" href=\"https:\/\/wa.me\/212699400060\">\n                                                <span class=\"infobox-button-text\">Demandez un devis<\/span>\n                                                            <svg aria-hidden=\"true\" class=\"eael_infobox_button_icon_right e-font-icon-svg e-fas-long-arrow-alt-right\" viewBox=\"0 0 448 512\" xmlns=\"http:\/\/www.w3.org\/2000\/svg\"><path d=\"M313.941 216H12c-6.627 0-12 5.373-12 12v56c0 6.627 5.373 12 12 12h301.941v46.059c0 21.382 25.851 32.09 40.971 16.971l86.059-86.059c9.373-9.373 9.373-24.569 0-33.941l-86.059-86.059c-15.119-15.119-40.971-4.411-40.971 16.971V216z\"><\/path><\/svg>                                                <\/a>\n        <\/div>\n            <\/div>\n            <\/div>\n\n\t\t\t\t\t\t<\/div>\n\t\t\t\t\t<\/div>\n\t\t<\/div>\n\t\t\t\t<div class=\"elementor-column elementor-col-33 elementor-inner-column elementor-element elementor-element-1baaa24 exad-glass-effect-no exad-sticky-section-no\" data-id=\"1baaa24\" data-element_type=\"column\">\n\t\t\t<div class=\"elementor-widget-wrap elementor-element-populated\">\n\t\t\t\t\t\t<div class=\"elementor-element elementor-element-0d9e610 eael-infobox-content-align--center eael-infobox-shape-square eael-infobox-hover-img-shape-square exad-sticky-section-no exad-glass-effect-no elementor-invisible elementor-widget elementor-widget-eael-info-box\" data-id=\"0d9e610\" data-element_type=\"widget\" data-settings=\"{&quot;_animation&quot;:&quot;fadeInLeft&quot;}\" data-widget_type=\"eael-info-box.default\">\n\t\t\t\t\t        <div class=\"eael-infobox icon-on-top\">\n\t            <div class=\"infobox-icon\">\n\n                            <img decoding=\"async\" src=\"https:\/\/polsifconseil.com\/wp-content\/uploads\/2025\/12\/Untitled-design-2025-12-25T170128.468.png\" alt=\"\">\n            \n            \n            \n        <\/div>\n            <div class=\"infobox-content\">\n                    <div class=\"infobox-title-section\">\n                <h2 class=\"title\">\u00c9tude de faisabilit\u00e9 des projets<\/h2>            <\/div>\n            <div><p data-start=\"432\" data-end=\"479\">Analyse du projet et d\u00e9finition des objectifs<\/p><p data-start=\"482\" data-end=\"528\">\u00c9tude du march\u00e9 et analyse de la concurrence<\/p><p data-start=\"531\" data-end=\"578\">Analyse technique et op\u00e9rationnelle du projet<\/p><p data-start=\"581\" data-end=\"630\">\u00c9valuation financi\u00e8re et pr\u00e9visions budg\u00e9taires<\/p><p data-start=\"581\" data-end=\"630\">ET PLUS&#8230;<\/p><\/div>        <div class=\"infobox-button\">\n            <a class=\"eael-infobox-button\" href=\"https:\/\/wa.me\/212699400060\">\n                                                <span class=\"infobox-button-text\">Demandez un devis<\/span>\n                                                            <svg aria-hidden=\"true\" class=\"eael_infobox_button_icon_right e-font-icon-svg e-fas-long-arrow-alt-right\" viewBox=\"0 0 448 512\" xmlns=\"http:\/\/www.w3.org\/2000\/svg\"><path d=\"M313.941 216H12c-6.627 0-12 5.373-12 12v56c0 6.627 5.373 12 12 12h301.941v46.059c0 21.382 25.851 32.09 40.971 16.971l86.059-86.059c9.373-9.373 9.373-24.569 0-33.941l-86.059-86.059c-15.119-15.119-40.971-4.411-40.971 16.971V216z\"><\/path><\/svg>                                                <\/a>\n        <\/div>\n            <\/div>\n            <\/div>\n\n\t\t\t\t\t\t<\/div>\n\t\t\t\t\t<\/div>\n\t\t<\/div>\n\t\t\t\t<div class=\"elementor-column elementor-col-33 elementor-inner-column elementor-element elementor-element-08a2445 exad-glass-effect-no exad-sticky-section-no\" data-id=\"08a2445\" data-element_type=\"column\">\n\t\t\t<div class=\"elementor-widget-wrap elementor-element-populated\">\n\t\t\t\t\t\t<div class=\"elementor-element elementor-element-4e78387 eael-infobox-content-align--center eael-infobox-shape-square eael-infobox-hover-img-shape-square exad-sticky-section-no exad-glass-effect-no elementor-invisible elementor-widget elementor-widget-eael-info-box\" data-id=\"4e78387\" data-element_type=\"widget\" data-settings=\"{&quot;_animation&quot;:&quot;fadeInLeft&quot;}\" data-widget_type=\"eael-info-box.default\">\n\t\t\t\t\t        <div class=\"eael-infobox icon-on-top\">\n\t            <div class=\"infobox-icon\">\n\n                            <img decoding=\"async\" src=\"https:\/\/polsifconseil.com\/wp-content\/uploads\/2025\/12\/Untitled-design-2025-12-31T131542.044.png\" alt=\"\">\n            \n            \n            \n        <\/div>\n            <div class=\"infobox-content\">\n                    <div class=\"infobox-title-section\">\n                <h2 class=\"title\">Gestion de la Paie<\/h2>            <\/div>\n            <div><p data-start=\"581\" data-end=\"630\">\u00c9tablissement des bulletins de paie<\/p><p data-start=\"581\" data-end=\"630\">D\u00e9clarations sociales et fiscales<\/p><p data-start=\"581\" data-end=\"630\">Gestion administrative du personnel<\/p><p data-start=\"581\" data-end=\"630\">Conseil et conformit\u00e9 sociale<\/p><p data-start=\"581\" data-end=\"630\">ET PLUS&#8230;<\/p><\/div>        <div class=\"infobox-button\">\n            <a class=\"eael-infobox-button\" href=\"https:\/\/wa.me\/212699400060\">\n                                                <span class=\"infobox-button-text\">Demandez un devis<\/span>\n                                                            <svg aria-hidden=\"true\" class=\"eael_infobox_button_icon_right e-font-icon-svg e-fas-long-arrow-alt-right\" viewBox=\"0 0 448 512\" xmlns=\"http:\/\/www.w3.org\/2000\/svg\"><path d=\"M313.941 216H12c-6.627 0-12 5.373-12 12v56c0 6.627 5.373 12 12 12h301.941v46.059c0 21.382 25.851 32.09 40.971 16.971l86.059-86.059c9.373-9.373 9.373-24.569 0-33.941l-86.059-86.059c-15.119-15.119-40.971-4.411-40.971 16.971V216z\"><\/path><\/svg>                                                <\/a>\n        <\/div>\n            <\/div>\n            <\/div>\n\n\t\t\t\t\t\t<\/div>\n\t\t\t\t\t<\/div>\n\t\t<\/div>\n\t\t\t\t\t<\/div>\n\t\t<\/section>\n\t\t\t\t<section class=\"elementor-section elementor-inner-section elementor-element elementor-element-24331a6 elementor-section-full_width elementor-section-height-default elementor-section-height-default exad-glass-effect-no wpr-particle-no wpr-jarallax-no wpr-parallax-no wpr-sticky-section-no exad-sticky-section-no\" data-id=\"24331a6\" data-element_type=\"section\">\n\t\t\t\t\t\t<div class=\"elementor-container elementor-column-gap-default\">\n\t\t\t\t\t<div class=\"elementor-column elementor-col-100 elementor-inner-column elementor-element elementor-element-10aa347 exad-glass-effect-no exad-sticky-section-no\" data-id=\"10aa347\" data-element_type=\"column\">\n\t\t\t<div class=\"elementor-widget-wrap elementor-element-populated\">\n\t\t\t\t\t\t<div class=\"elementor-element elementor-element-7254ec8 exad-sticky-section-no exad-glass-effect-no elementor-invisible elementor-widget elementor-widget-eael-creative-button\" data-id=\"7254ec8\" data-element_type=\"widget\" data-settings=\"{&quot;_animation&quot;:&quot;fadeInUp&quot;,&quot;_animation_delay&quot;:2000}\" data-widget_type=\"eael-creative-button.default\">\n\t\t\t\t\t        <div class=\"eael-creative-button-wrapper\">\n\n            <a class=\"eael-creative-button eael-creative-button--rayen\" href=\"https:\/\/wa.me\/212699400060\" data-text=\"Contactez-nous\">\n            \t    \n                <div class=\"creative-button-inner\">\n\n                    \n                    <span class=\"cretive-button-text\">Cr\u00e9ez votre entreprise maintenant<\/span>\n\n                                    <\/div>\n\t                        <\/a>\n        <\/div>\n        \t\t\t\t<\/div>\n\t\t\t\t\t<\/div>\n\t\t<\/div>\n\t\t\t\t\t<\/div>\n\t\t<\/section>\n\t\t\t\t\t<\/div>\n\t\t<\/div>\n\t\t\t\t\t<\/div>\n\t\t<\/section>\n\t\t\t\t<\/div>\n\t\t","protected":false},"excerpt":{"rendered":"<p>Nos Services Des solutions claires pour des entreprises performantes Cr\u00e9ation d\u2019entreprise Choix de la forme juridique R\u00e9daction des statuts personnalis\u00e9s D\u00e9claration du capital et proc\u00e9dures Obtention du registre de commerce ET PLUS&#8230; Demandez un devis Domiciliation Adresse commerciale prestigieuse R\u00e9ception et r\u00e9exp\u00e9dition du courrier Acc\u00e8s aux salles de r\u00e9union Services de secr\u00e9tariat \u00e0 la demande ET PLUS&#8230; Demandez un devis Tenue de la comptabilit\u00e9 Organisation et tenue des livres comptables \u00c9tablissement des \u00e9tats financiers (bilan, compte de r\u00e9sultat) D\u00e9clarations fiscales p\u00e9riodiques (TVA, IS, IR) Suivi des charges et des recettes ET PLUS&#8230; Demandez un devis Conseil fiscal et juridique Choix de la forme juridique adapt\u00e9e (SARL, SARL AU, SA, etc.) Conseil et optimisation fiscale D\u00e9clarations fiscales et obligations l\u00e9gales Accompagnement juridique continu ET PLUS&#8230; Demandez un devis \u00c9tude de faisabilit\u00e9 des projets Analyse du projet et d\u00e9finition des objectifs \u00c9tude du march\u00e9 et analyse de la concurrence Analyse technique et op\u00e9rationnelle du projet \u00c9valuation financi\u00e8re et pr\u00e9visions budg\u00e9taires ET PLUS&#8230; Demandez un devis Gestion de la Paie \u00c9tablissement des bulletins de paie D\u00e9clarations sociales et fiscales Gestion administrative du personnel Conseil et conformit\u00e9 sociale ET PLUS&#8230; Demandez un devis Cr\u00e9ez votre entreprise maintenant<\/p>\n","protected":false},"author":1,"featured_media":0,"parent":0,"menu_order":0,"comment_status":"closed","ping_status":"closed","template":"elementor_header_footer","meta":{"_eb_attr":"","footnotes":""},"class_list":["post-60","page","type-page","status-publish","hentry"],"_links":{"self":[{"href":"https:\/\/polsifconseil.com\/index.php?rest_route=\/wp\/v2\/pages\/60","targetHints":{"allow":["GET"]}}],"collection":[{"href":"https:\/\/polsifconseil.com\/index.php?rest_route=\/wp\/v2\/pages"}],"about":[{"href":"https:\/\/polsifconseil.com\/index.php?rest_route=\/wp\/v2\/types\/page"}],"author":[{"embeddable":true,"href":"https:\/\/polsifconseil.com\/index.php?rest_route=\/wp\/v2\/users\/1"}],"replies":[{"embeddable":true,"href":"https:\/\/polsifconseil.com\/index.php?rest_route=%2Fwp%2Fv2%2Fcomments&post=60"}],"version-history":[{"count":8,"href":"https:\/\/polsifconseil.com\/index.php?rest_route=\/wp\/v2\/pages\/60\/revisions"}],"predecessor-version":[{"id":956,"href":"https:\/\/polsifconseil.com\/index.php?rest_route=\/wp\/v2\/pages\/60\/revisions\/956"}],"wp:attachment":[{"href":"https:\/\/polsifconseil.com\/index.php?rest_route=%2Fwp%2Fv2%2Fmedia&parent=60"}],"curies":[{"name":"wp","href":"https:\/\/api.w.org\/{rel}","templated":true}]}}